{"id":169,"date":"2025-12-19T17:07:01","date_gmt":"2025-12-19T17:07:01","guid":{"rendered":"https:\/\/www.meadowstreet.cz\/e-shop\/?post_type=product&#038;p=169"},"modified":"2025-12-30T16:14:00","modified_gmt":"2025-12-30T16:14:00","slug":"satek-bily","status":"publish","type":"product","link":"https:\/\/www.meadowstreet.cz\/e-shop\/product\/satek-bily","title":{"rendered":"\u0160\u00e1tek b\u00edl\u00fd"},"content":{"rendered":"<ul class=\"wp-block-list\">\n<li>\u0160\u00e1tek b\u00edl\u00fd bavln\u011bn\u00fd<\/li>\n<li>100% bavlna (160g\/m2)<\/li>\n<li>prateln\u00e9 na 40 \u00b0C<\/li>\n<li>st\u0159ih troj\u00faheln\u00edkov\u00fd<\/li>\n<li>okraje po obvodu pro\u0161it\u00e9<\/li>\n<li>rozm\u011bry = 68 x 68 x 96 cm<\/li>\n<\/ul>\n","protected":false},"excerpt":{"rendered":"<p>\u0160\u00e1tek b\u00edl\u00fd bavln\u011bn\u00fd 100% bavlna (160g\/m2) prateln\u00e9 na 40 \u00b0C st\u0159ih troj\u00faheln\u00edkov\u00fd okraje po obvodu pro\u0161it\u00e9 rozm\u011bry = 68 x 68 x 96 cm<\/p>\n","protected":false},"featured_media":173,"template":"","meta":[],"product_brand":[],"product_cat":[35],"product_tag":[],"class_list":{"0":"post-169","1":"product","2":"type-product","3":"status-publish","4":"has-post-thumbnail","6":"product_cat-satky","7":"pa_barva-bila","9":"first","10":"instock","11":"shipping-taxable","12":"purchasable","13":"product-type-simple"},"jetpack_sharing_enabled":true,"_links":{"self":[{"href":"https:\/\/www.meadowstreet.cz\/e-shop\/wp-json\/wp\/v2\/product\/169","targetHints":{"allow":["GET"]}}],"collection":[{"href":"https:\/\/www.meadowstreet.cz\/e-shop\/wp-json\/wp\/v2\/product"}],"about":[{"href":"https:\/\/www.meadowstreet.cz\/e-shop\/wp-json\/wp\/v2\/types\/product"}],"wp:featuredmedia":[{"embeddable":true,"href":"https:\/\/www.meadowstreet.cz\/e-shop\/wp-json\/wp\/v2\/media\/173"}],"wp:attachment":[{"href":"https:\/\/www.meadowstreet.cz\/e-shop\/wp-json\/wp\/v2\/media?parent=169"}],"wp:term":[{"taxonomy":"product_brand","embeddable":true,"href":"https:\/\/www.meadowstreet.cz\/e-shop\/wp-json\/wp\/v2\/product_brand?post=169"},{"taxonomy":"product_cat","embeddable":true,"href":"https:\/\/www.meadowstreet.cz\/e-shop\/wp-json\/wp\/v2\/product_cat?post=169"},{"taxonomy":"product_tag","embeddable":true,"href":"https:\/\/www.meadowstreet.cz\/e-shop\/wp-json\/wp\/v2\/product_tag?post=169"}],"curies":[{"name":"wp","href":"https:\/\/api.w.org\/{rel}","templated":true}]}}