{"id":245,"date":"2026-01-28T17:26:22","date_gmt":"2026-01-28T17:26:22","guid":{"rendered":"https:\/\/www.meadowstreet.cz\/e-shop\/?post_type=product&#038;p=245"},"modified":"2026-02-11T15:05:59","modified_gmt":"2026-02-11T15:05:59","slug":"sklenice_05l_ms","status":"publish","type":"product","link":"https:\/\/www.meadowstreet.cz\/e-shop\/product\/sklenice_05l_ms","title":{"rendered":"Sklenice 0,5l MEADOW STREET"},"content":{"rendered":"<ul class=\"wp-block-list\">\n<li>Univerz\u00e1ln\u00ed sklenice na pivo s logem MEADOW STREET<\/li>\n<li>objem 0,5 l (bez cejchu)<\/li>\n<li>rozm\u011bry 85&#215;185 mm<\/li>\n<li>hmotnost 400 g<\/li>\n<\/ul>\n","protected":false},"excerpt":{"rendered":"<p>Univerz\u00e1ln\u00ed sklenice na pivo s logem MEADOW STREET objem 0,5 l (bez cejchu) rozm\u011bry 85&#215;185 mm hmotnost 400 g<\/p>\n","protected":false},"featured_media":244,"template":"","meta":[],"product_brand":[],"product_cat":[40],"product_tag":[],"class_list":{"0":"post-245","1":"product","2":"type-product","3":"status-publish","4":"has-post-thumbnail","6":"product_cat-sklenice","7":"pa_barva-bila","9":"first","10":"instock","11":"shipping-taxable","12":"purchasable","13":"product-type-simple"},"jetpack_sharing_enabled":true,"_links":{"self":[{"href":"https:\/\/www.meadowstreet.cz\/e-shop\/wp-json\/wp\/v2\/product\/245","targetHints":{"allow":["GET"]}}],"collection":[{"href":"https:\/\/www.meadowstreet.cz\/e-shop\/wp-json\/wp\/v2\/product"}],"about":[{"href":"https:\/\/www.meadowstreet.cz\/e-shop\/wp-json\/wp\/v2\/types\/product"}],"wp:featuredmedia":[{"embeddable":true,"href":"https:\/\/www.meadowstreet.cz\/e-shop\/wp-json\/wp\/v2\/media\/244"}],"wp:attachment":[{"href":"https:\/\/www.meadowstreet.cz\/e-shop\/wp-json\/wp\/v2\/media?parent=245"}],"wp:term":[{"taxonomy":"product_brand","embeddable":true,"href":"https:\/\/www.meadowstreet.cz\/e-shop\/wp-json\/wp\/v2\/product_brand?post=245"},{"taxonomy":"product_cat","embeddable":true,"href":"https:\/\/www.meadowstreet.cz\/e-shop\/wp-json\/wp\/v2\/product_cat?post=245"},{"taxonomy":"product_tag","embeddable":true,"href":"https:\/\/www.meadowstreet.cz\/e-shop\/wp-json\/wp\/v2\/product_tag?post=245"}],"curies":[{"name":"wp","href":"https:\/\/api.w.org\/{rel}","templated":true}]}}